and 2414?
142
What is the greatest common factor of 3329199083 and 3073?
3073
What is the highest common divisor of 32706812 and 33624?
1868
What is the greatest common factor of 59259778 and 2206?
2206
Calculate the highest common factor of 7600990 and 41.
41
Calculate the greatest common factor of 4810 and 1845610.
130
What is the highest common divisor of 1835420 and 90?
10
Calculate the highest common factor of 51752057 and 542.
271
What is the highest common divisor of 390829337 and 34?
17
What is the greatest common divisor of 11295 and 50835?
15
Calculate the highest common factor of 1568 and 2927328.
32
Calculate the greatest common factor of 5245966 and 2948.
1474
What is the greatest common divisor of 1506 and 33342087?
753
What is the greatest common factor of 612 and 3104424?
36
Calculate the highest common factor of 3162457 and 265.
53
What is the greatest common factor of 53297 and 2797981?
223
What is the greatest common divisor of 137 and 150073910?
137
Calculate the greatest common factor of 6065194 and 298.
298
Calculate the highest common divisor of 1692493 and 30650.
613
What is the highest common divisor of 38834266 and 424?
106
What is the greatest common divisor of 11480 and 226025128?
2296
What is the greatest common divisor of 53018 and 9228562?
98
What is the highest common factor of 171798817 and 1444?
361
What is the greatest common factor of 1951381 and 87?
29
Calculate the greatest common divisor of 25 and 533740.
5
Calculate the highest common factor of 1922 and 8607057.
31
Calculate the greatest common divisor of 465308574 and 33790.
6758
What is the greatest common divisor of 10872 and 13011368?
1208
Calculate the greatest common divisor of 27 and 3851325.
9
Calculate the greatest common factor of 6804 and 647212356.
2268
What is the highest common divisor of 71862274 and 195294?
5918
What is the greatest common factor of 88 and 698038?
22
What is the greatest common divisor of 73480 and 39913?
167
What is the highest common divisor of 12075470 and 61457?
1661
What is the highest common divisor of 51498956 and 37196?
2188
What is the greatest common factor of 165427376 and 7737?
2579
What is the highest common divisor of 11803665 and 135?
15
What is the greatest common factor of 497801864 and 28461?
9487
What is the highest common divisor of 3024 and 2352483?
189
What is the highest common divisor of 44 and 897622?
22
Calculate the greatest common divisor of 656722508 and 2028.
676
What is the highest common factor of 34250184 and 1224?
72
Calculate the highest common factor of 13237 and 1528172.
61
What is the highest common factor of 285424981 and 689?
53
Calculate the highest common factor of 56126 and 588658.
266
Calculate the greatest common divisor of 1606 and 61174.
146
What is the greatest common divisor of 54858 and 536936?
82
Calculate the highest common divisor of 62608 and 27585376.
1456
What is the greatest common factor of 2937 and 129063?
33
Calculate the highest common factor of 217794945 and 5640.
705
What is the greatest common divisor of 1417 and 680923?
109
Calculate the highest common divisor of 134 and 11771833.
67
What is the greatest common factor of 170 and 2327232?
34
What is the greatest common divisor of 128122651 and 4024?
503
What is the highest common factor of 13616 and 223184?
592
Calculate the greatest common factor of 1168970 and 770.
110
What is the highest common factor of 9590460 and 580?
20
Calculate the highest common factor of 270475608 and 39.
39
Calculate the highest common divisor of 45241 and 7763749.
1967
Calculate the greatest common factor of 1409 and 4663.
1
Calculate the highest common factor of 13366 and 16749554.
326
Calculate the greatest common factor of 1161408 and 549144.
6312
Calculate the greatest common divisor of 7200 and 58785120.
1440
Calculate the greatest common divisor of 4071 and 10204935.
177
What is the greatest common divisor of 32270037 and 83448?
3477
What is the greatest common divisor of 75389584 and 12564?
1396
What is the greatest common divisor of 260093868 and 104278?
6134
Calculate the highest common divisor of 216118826 and 616.
154
Calculate the highest common divisor of 3560325 and 8325.
2775
What is the highest common factor of 16491373 and 475?
19
Calculate the greatest common factor of 234000 and 25285.
65
Calculate the highest common divisor of 47997192 and 26707.
1571
Calculate the highest common factor of 90269532 and 684.
684
Calculate the highest common divisor of 851138771 and 49.
49
Calculate the highest common divisor of 15860 and 39460.
20
Calculate the highest common divisor of 298995 and 14570.
155
Calculate the highest common factor of 3893941 and 89621.
1829
Calculate the greatest common divisor of 409983028 and 728.
364
Calculate the greatest common factor of 75651329 and 507.
169
Calculate the greatest common factor of 762 and 263919970.
254
Calculate the greatest common divisor of 162 and 24503877.
81
What is the greatest common factor of 2220 and 38041365?
555
Calculate the greatest common factor of 42 and 26286848.
14
Calculate the highest common divisor of 254851 and 37231.
31
What is the highest common divisor of 106970233 and 426?
71
What is the greatest common divisor of 55152875 and 10664?
1333
Calculate the highest common divisor of 2162 and 23121509.
1081
What is the greatest common divisor of 32 and 2419976?
8
Calculate the highest common factor of 9221350 and 7100.
50
What is the highest common factor of 51883212 and 12?
12
What is the highest common factor of 66176 and 18502?
22
What is the highest common factor of 275 and 10924925?
275
Calculate the greatest common divisor of 14853326 and 38.
38
Calculate the highest common factor of 2477546 and 24616.
34
What is the greatest common factor of 143 and 40360177?
143
What is the greatest common divisor of 1703 and 3459821612?
1703
Calculate the greatest common factor of 612 and 190044.
36
What is the greatest common divisor of 19360182 and 186?
186
What is the greatest common factor of 500 and 18149500?
500
Calculate the greatest common factor of 4689153 and 118296.
279
What is the highest common factor of 102720 and 2022480?
240
What is the greatest common factor of 60388 and 170376?
124
Calculate the highest common factor of 516168480 and 192.
96
Calculate the greatest common factor of 2970570 and 24.
6
What is the greatest common divisor of 118813878 and 1026?
1026
What is the highest common divisor of 3996015 and 28740?
15
What is the highest common factor of 110241 and 6156?
81
What is the greatest common divisor of 1076 and 1267658196?
1076
What is the greatest common divisor of 3668 and 2440268?
524
Calculate the highest common divisor of 22 and 408826.
22
Calculate the highest common factor of 19152 and 142597413.
1197
What is the greatest common factor of 471761 and 1981?
283
Calculate the greatest common divisor of 10094 and 5335400.
1442
Calculate the highest common divisor of 25556 and 495109166.
12778
Calculate the highest common factor of 223772 and 29068.
172
What is the highest common factor of 9288 and 7638004?
172
Calculate the greatest common factor of 1240 and 60265240.
1240
Calculate the highest common divisor of 480096006 and 78.
78
Calculate the greatest common divisor of 11763724 and 1059380.
9212
Calculate the greatest common divisor of 132045043 and 611.
611
Calculate the highest common divisor of 360597 and 2295.
3
Calculate the greatest common factor of 96750 and 415380.
1290
What is the greatest common divisor of 1053941 and 35168?
1099
What is the greatest common factor of 7395180 and 19095?
285
What is the greatest common factor of 1612050 and 24750?
1650
Calculate the highest common factor of 4 and 20147957.
1
Calculate the highest common divisor of 205 and 3378904915.
205
What is the highest common factor of 226270 and 312290?
1870
What is the highest common factor of 51171 and 1056151?
461
Calculate the highest common divisor of 26320 and 1666385.
1645
What is the greatest common divisor of 4905782 and 1862?
98
Calculate the highest common factor of 103571 and 7233265.
3341
What is the greatest common factor of 7875971 and 1?
1
What is the highest common factor of 13716 and 1397508?
1524
What is the highest common 